c974b (base 16) to base 11.
513a59
-5775234 (base 8) to base 5
-400241414
What is -390142 (base 15) in base 8?
-12333725
2530356 (base 7) to base 11
203522
Convert 87767 (base 12) to base 2.
101011101101111111
What is -44402214 (base 5) in base 13?
-107696
Convert 1a4bb0 (base 14) to base 15.
1371b5
What is -cb7672 (base 14) in base 12?
-2387358
What is -131123211 (base 5) in base 14?
-12b303
221033113 (base 5) to base 7
11056306
What is -220d88 (base 14) in base 5?
-243431043
What is 110126015 (base 7) in base 8?
31162067
What is -1320345014 (base 6) in base 4?
-323322132202
3031211201 (base 4) to base 12
347395
-1057551 (base 8) to base 14
-76613
What is -41711 (base 12) in base 4?
-110322331
Convert 33222 (base 6) to base 7.
16322
What is 102764 (base 11) in base 8?
501426
What is 4c6737 (base 13) in base 14?
35d57d
What is -1000011011011100111 (base 2) in base 11?
-179570
What is 10033013 (base 6) in base 15?
59456
What is -bb02 (base 14) in base 9?
-48325
What is -216610 (base 7) in base 10?
-38374
Convert -139984 (base 14) to base 16.
-a5ee0
What is -1b0502 (base 13) in base 14?
-13c183
-287182 (base 11) to base 6
-13341330
What is 1000102100211 (base 3) in base 2?
10000011110001001101
What is 691397 (base 10) in base 15?
d9cd2
What is 208642 (base 11) in base 14?
89790
-db460 (base 16) to base 11
-563875
Convert 5315600 (base 8) to base 14.
28c0b6
Convert 1023332332 (base 4) to base 6.
10400514
12155152 (base 6) to base 14
a18cc
What is -572316 (base 10) in base 4?
-2023232130
Convert -762058 (base 13) to base 4.
-22211131210
-3334234 (base 6) to base 8
-510316
-2066236 (base 7) to base 2
-111101011111101111
287852 (base 14) to base 9
2568614
b1c16 (base 14) to base 2
1101000011010101100
Convert -1111100101111010001 (base 2) to base 16.
-7cbd1
What is -f1a0 (base 16) in base 15?
-134db
Convert 303301212 (base 4) to base 7.
1542165
Convert -519a032 (base 11) to base 10.
-9163970
10200233 (base 4) to base 9
27312
What is 39ab24 (base 13) in base 3?
2121212021210
3662243 (base 7) to base 5
110002020
Convert -7600416 (base 8) to base 10.
-2031886
Convert -3022041010 (base 5) to base 8.
-27047341
What is -745c7c (base 13) in base 3?
-12010111221012
-11031102302 (base 4) to base 13
-38a4c1
-232204124 (base 6) to base 12
-1539644
What is 210266565 (base 7) in base 2?
101111010100001100111011
Convert 9568 (base 15) to base 7.
161060
-30114214 (base 5) to base 2
-111010010001011100
What is 77060434 (base 8) in base 9?
34108462
-101334 (base 10) to base 11
-6a152
Convert -1314144 (base 7) to base 8.
-517624
What is 21010021100 (base 3) in base 9?
233240
What is -34320014 (base 5) in base 2?
-1001011000100110101
-7245770 (base 8) to base 15
-27dd47
Convert 345037 (base 8) to base 11.
80128
1014223 (base 6) to base 7
262401
Convert -221020120111 (base 3) to base 16.
-794e3
What is 21e3f (base 16) in base 9?
231368
-190808 (base 15) to base 12
-4a8208
What is -1a8649 (base 12) in base 13?
-13647c
What is 3511001 (base 8) in base 11?
5a2464
What is -1444427 (base 8) in base 3?
-202221001120
Convert -1360077 (base 9) to base 2.
-10110110100111111000
What is -277298 (base 13) in base 5?
-221131410
Convert -1babba (base 12) to base 16.
-7913e
Convert -60ca4 (base 16) to base 14.
-a46a0
What is -129138 (base 12) in base 9?
-515728
-669a10 (base 13) to base 14
-470200
What is 1001000001101001010 (base 2) in base 16?
4834a
21241523 (base 6) to base 5
130041200
-1b170a (base 12) to base 3
-220100222201
What is 121040023 (base 5) in base 10?
565013
What is -14a4db (base 15) in base 16?
-f357b
Convert -16a958 (base 12) to base 5.
-100020032
What is -833775 (base 11) in base 4?
-11012132211
Convert -14123005 (base 7) to base 2.
-101000001011110101110
What is -1413441102 (base 5) in base 13?
-9acca8
Convert -1100000101001111 (base 2) to base 12.
-2477b
Convert 61671 (base 12) to base 2.
11111000001110101
What is -2001332132 (base 4) in base 14?
-dc034
Convert -16dcb30 (base 14) to base 6.
-1042001114
What is -426751 (base 8) in base 3?
-21020220211
What is 21c1b9 (base 14) in base 2?
100011000000111010111
Convert 6894 (base 14) to base 12.
a616
What is -1c746 (base 13) in base 15?
-11996
What is -35304231 (base 6) in base 11?
-68a520
What is 4131141 (base 7) in base 4?
1320312303
What is 25343153 (base 7) in base 10?
2296472
Convert 1000103002 (base 4) to base 10.
263362
What is -1113420123 (base 5) in base 4?
-21132011222
Convert 532817 (base 12) to base 7.
14100100
-1637741 (base 10) to base 9
-3065502
Convert -20232132101 (base 4) to base 15.
-302ba5
1141b (base 15) to base 5
3224201
Convert 56806 (base 13) to base 16.
266a1
What is 6200164 (base 7) in base 14?
15376b
Convert -42a098 (base 13) to base 7.
-16203621
What is 42784 (base 9) in base 13?
cb95
Convert 1057a1 (base 11) to base 7.
1301506
What is -4832a (base 16) in base 5?
-33430342
Convert 144430553 (base 6) to base 13.
81a1b2
Convert -2233140232 (base 5) to base 12.
-17ba88a
Convert 2222220 (base 3) to base 10.
2184
Convert -33535204 (base 6) to base 5.
-230224300
What is -e9f8 (base 16) in base 12?
-2a7b4
What is -4505230 (base 8) in base 2?
-100101000101010011000
-1298806 (base 11) to base 14
-423378
What is 3638c4 (base 13) in base 3?
2102201010210
22011011 (base 5) to base 8
557540
-8745785 (base 9) to base 7
-54624140
Convert -90e8 (base 16) to base 14.
-d73a
3277192 (base 12) to base 7
144465404
What is -2362650 (base 9) in base 8?
-4706550
Convert -21054 (base 6) to base 12.
-178a
What is -100001001001100101110 (base 2) in base 4?
-10021030232
-7f8c (base 16) to base 13
-11b29
140224312 (base 5) to base 8
2555047
Convert -34004254 (base 6) to base 2.
-11111010110101001010
1201122222010 (base 3) to base 12
383670
Convert -22200200222012 (base 3) to base 2.
-10001100111110110000011
-c8d32 (base 15) to base 6
-21355132
What is -100110011101011001 (base 2) in base 15?
-31a1e
Convert 28034 (base 9) to base 14.
6cc1
Convert 212133 (base 10) to base 9.
352883
Convert -36a7079 (base 12) to base 3.
-202002010011110
Convert d9d92a (base 14) to base 10.
7374930
201212102111 (base 3) to base 2
1011111011110001110
-12105343 (base 6) to base 5
-44212424
Convert -11200220012022 (base 3) to base 11.
-1456614
Convert 1162d9 (base 14) to base 2.
10010000110110000111
-24001434 (base 6) to base 3
-1101221112011
2527435 (base 8) to base 13
1b6919
-81d69 (base 16) to base 3
-1000000111221
-1212414412 (base 5) to base 9
-5334650
-42052202 (base 7) to base 15
-49e85b
-1103010120 (base 6) to base 2
-101101011000111100000000
Convert -38255 (base 13) to base 10.
-103667
-21450313 (base 7) to base 6
-103305341
What is -11207131 (base 8) in base 3?
-11120101021122
What is 33a1086 (base 11) in base 13?
1302364
Convert 10123730 (base 8) to base 15.
2c419a
What is -100b65 (base 12) in base 16?
-3d27d
What is -1366555 (base 8) in base 10?
-388461
201014 (base 8) to base 16
1020c
233387 (base 9) to base 11
96447
50818 (base 11) to base 4
102013100
Convert -2070014 (base 9) to base 6.
-35433234
301022315 (base 6) to base 10
5088647
Convert 13225026 (base 8) to base 5.
1224204034
-26421346 (base 7) to base 16
-2502be
Convert 1111101100101110000 (base 2) to base 10.
514416
e4e5 (base 15) to base 9
73308
Convert -39460 (base 11) to base 13.
-1c906
What is -813666 (base 9) in base 7?
-4044222
Convert 1101011101011100 (base 2) to base 13.
1c12c
Convert 710263 (base 8) to base 5.
24434101
What is -608917 (base 10) in base 14?
-11bca1
What is 4d88e3 (base 15) in base 5?
1423142023
Convert -140118 (base 10) to base 11.
-96300
Convert -32130223 (base 4) to base 11.
-4050a
-4325243 (base 6) to base 7
-1550046
Convert 11330501 (base 8) to base 2.
1001011011000101000001
Convert 1120020112 (base 3) to base 9.
46215
223030311 (base 4) to base 16
2b335
-210100023 (base 4) to base 12
-71b23
102233012223 (base 4) to base 2
10010101111000110101011
Convert -625ca9 (base 15) to base 13.
-c79bc3
What is -2227753 (base 8) in base 7?
-5055240
-2da2a2 (base 14) to base 11
-9a5420
What is 2404111 (base 5) in base 4?
22303321
Convert -10310013 (base 7) to base 13.
-248b86
-146b43 (base 13) to base 6
-14421425
Convert 10c5a9 (base 14) to base 4.
2023213221
Convert -1471466 (base 10) to base 7.
-15335663
Convert aac030 (base 13) to base 11.
22a9aa